{"id":46,"date":"2011-01-14T18:41:03","date_gmt":"2011-01-14T17:41:03","guid":{"rendered":"http:\/\/fragenzumspiel.de\/games-wp\/?page_id=46"},"modified":"2017-02-02T09:04:48","modified_gmt":"2017-02-02T08:04:48","slug":"impressum","status":"publish","type":"page","link":"https:\/\/lordkhan.homelinux.org\/virtuellespielewelten\/?page_id=46","title":{"rendered":"Impressum"},"content":{"rendered":"<p><strong>Verantwortlich f\u00fcr den Inhalt:<\/strong><\/p>\n<p>Patrick F\u00fcrst<\/p>\n<p>50670 K\u00f6ln<br \/>\nDeutschland<\/p>\n<p>E-Mail: <a href=\"mailto:info@virtuellespielewelten.de\" title=\"Schickt mir eine Nachricht!\">patrick_fuerst@email.de<\/a><\/p>\n<p><strong>Weiterverbreitung:<\/strong><\/p>\n<p>Ihr d\u00fcrft Teile dieser Seite unter der <a title=\"CC - Namensnennung und Nicht-kommerziell\" href=\"http:\/\/creativecommons.org\/licenses\/by-nc\/3.0\/de\/deed.de\" target=\"_blank\">Creative Commons License<\/a> weiterverbreiten, sofern ihr auf den Urheber (Namensnennung und Link auf diese Seite) verweist und die Informationen f\u00fcr nicht-kommerzielle Zwecke verwendet.<\/p>\n<p><strong>Widerspruch zur kommerziellen Kontaktdatennutzung:<\/strong><\/p>\n<p>Ich widerspreche ausdr\u00fccklich der Nutzung und\/oder \u00dcbermittlung meiner hier genannten Kontaktdaten f\u00fcr kommerzielle Zwecke oder f\u00fcr die Markt- bzw. Meinungsforschung (<a href=\"http:\/\/www.gesetze-im-internet.de\/bdsg_1990\/__28.html\" target=\"new\" title\"\u00a728 III Bundesdatenschutzgesetz\">\u00a728 III Bundesdatenschutzgesetz<\/a>).<\/p>\n<p><strong>Rechtliche Hinweise:<\/strong><\/p>\n<p>Haftungshinweis: Trotz sorgf\u00e4ltiger inhaltlicher Kontrolle \u00fcbernehme ich keine Haftung f\u00fcr die Inhalte externer Links. F\u00fcr den Inhalt der verlinkten Seiten sind ausschlie\u00dflich deren Betreiber verantwortlich!<\/p>\n<p>Haftungsausschluss: Ich behalte es mir vor, Teile der Seiten oder das gesamte Angebot ohne gesonderte Ank\u00fcndigung zu ver\u00e4ndern, zu erg\u00e4nzen oder das Angebot zeitweise oder endg\u00fcltig einzustellen. L\u00f6schungen finden nur in Ausnahmen statt, k\u00f6nnen aber nicht g\u00e4nzlich ausgeschlossen werden! Bitte kontaktiert mich, solltet ihr etwas vermissen.<\/p>\n","protected":false},"excerpt":{"rendered":"<p>Verantwortlich f\u00fcr den Inhalt: Patrick F\u00fcrst 50670 K\u00f6ln Deutschland E-Mail: patrick_fuerst@email.de Weiterverbreitung: Ihr d\u00fcrft Teile dieser Seite unter der Creative Commons License weiterverbreiten, sofern ihr auf den Urheber (Namensnennung und Link auf diese Seite) verweist und die Informationen f\u00fcr nicht-kommerzielle &hellip; <a href=\"https:\/\/lordkhan.homelinux.org\/virtuellespielewelten\/?page_id=46\">Continue reading <span class=\"meta-nav\">&rarr;<\/span><\/a><\/p>\n","protected":false},"author":1,"featured_media":0,"parent":0,"menu_order":3,"comment_status":"closed","ping_status":"closed","template":"onecolumn-page.php","meta":{"footnotes":""},"class_list":["post-46","page","type-page","status-publish","hentry"],"_links":{"self":[{"href":"https:\/\/lordkhan.homelinux.org\/virtuellespielewelten\/index.php?rest_route=\/wp\/v2\/pages\/46","targetHints":{"allow":["GET"]}}],"collection":[{"href":"https:\/\/lordkhan.homelinux.org\/virtuellespielewelten\/index.php?rest_route=\/wp\/v2\/pages"}],"about":[{"href":"https:\/\/lordkhan.homelinux.org\/virtuellespielewelten\/index.php?rest_route=\/wp\/v2\/types\/page"}],"author":[{"embeddable":true,"href":"https:\/\/lordkhan.homelinux.org\/virtuellespielewelten\/index.php?rest_route=\/wp\/v2\/users\/1"}],"replies":[{"embeddable":true,"href":"https:\/\/lordkhan.homelinux.org\/virtuellespielewelten\/index.php?rest_route=%2Fwp%2Fv2%2Fcomments&post=46"}],"version-history":[{"count":19,"href":"https:\/\/lordkhan.homelinux.org\/virtuellespielewelten\/index.php?rest_route=\/wp\/v2\/pages\/46\/revisions"}],"predecessor-version":[{"id":771,"href":"https:\/\/lordkhan.homelinux.org\/virtuellespielewelten\/index.php?rest_route=\/wp\/v2\/pages\/46\/revisions\/771"}],"wp:attachment":[{"href":"https:\/\/lordkhan.homelinux.org\/virtuellespielewelten\/index.php?rest_route=%2Fwp%2Fv2%2Fmedia&parent=46"}],"curies":[{"name":"wp","href":"https:\/\/api.w.org\/{rel}","templated":true}]}}