{"id":23,"date":"2011-02-03T17:08:53","date_gmt":"2011-02-03T16:08:53","guid":{"rendered":"http:\/\/fragenzumspiel.de\/games-wp\/?page_id=23"},"modified":"2011-02-28T11:17:10","modified_gmt":"2011-02-28T10:17:10","slug":"hintergrund","status":"publish","type":"page","link":"https:\/\/lordkhan.homelinux.org\/virtuellespielewelten\/?page_id=23","title":{"rendered":"Zusammenfassung"},"content":{"rendered":"<p>Der Psychologe Dietrich D\u00f6rner hat sich bereits seit vielen Jahren mit den Problemen der Menschen im Umgang mit komplexen Systemen befasst. Grundlage seiner Untersuchungen waren computersimulierte Planspiele wie das <em>Lohhausen<\/em>-Experiment. Er hat die dabei beobachteten Schwierigkeiten in die Handlungsfelder Zielsetzung, Modellbildung, Zeitabl\u00e4ufe\/Dynamik, Planen und das Handeln innerhalb einer Gruppe eingeteilt und auff\u00e4llige Verhaltensweisen herausgestellt.<\/p>\n<p>Hieran angelehnt werden das Computerspiel <em>Civilization IV<\/em> und dessen Spieler betrachtet. Das Spiel ist dem Genre der Strategiespiele zuzuordnen und bildet ein komplexes System ab. Der Spieler dirigiert die Geschicke seiner Zivilisation durch den Lauf der Zeit und muss dabei viele unterschiedliche Spielelemente beachten. In einer Untersuchung, deren Grundlage sowohl die durch D\u00f6rner erarbeiteten Handlungsfelder als auch das von J\u00fcrgen Fritz erarbeitete Transfermodell bilden, haben die Spieler Gelegenheit, ihre pers\u00f6nliche Einsch\u00e4tzung des Spiels, ihr Spielverhalten und aus dem Spiel \u00fcbernommene Inhalte und Handlungsmuster zu beschreiben. Durch das von Fritz erarbeitete Netzwerk der Lebenswelt k\u00f6nnen die beschriebenen Erfahrungen den unterschiedlichen Welten zugeordnet und durch die Transferformen (u.A. informationelle, probleml\u00f6sende und kognitive) und Transferebenen (z.B. die Fact- oder Print-Ebene) auch in ihrer Qualit\u00e4t beurteilt werden.<\/p>\n<p><em>Civilization IV<\/em> wird von den Spielern als ein komplexes System erkannt, sie haben aber Schwierigkeiten, Merkmale komplexer Systeme im Spiel zu beschreiben. Die Spieler beurteilen das Spiel in vielen Bereichen als geeignet, (Handlungs-)Wissen vermitteln zu k\u00f6nnen und geben an, etwas aus dem Spiel gelernt zu haben. Auff\u00e4llig sind \u00c4hnlichkeiten im Verhalten der Spieler im Vergleich zu D\u00f6rners Experimenten: Die Besonderheiten der Modellbildung oder das Verfolgen bestimmter Ziele in Verbindung mit planerischem Vorgehen lassen auch bei dieser Untersuchung Muster erkennen. Festgehalten werden kann, dass durch das Spiel das Interesse an verschiedenen Themen, haupts\u00e4chlich Geschichte, geweckt wird. Die aus den 248 beantworteten Frageb\u00f6gen gewonnenen Erkenntnisse legen den Grundstein f\u00fcr eine weiterf\u00fchrende qualitative Forschung.<\/p>\n<hr size=\"1\" \/>\n","protected":false},"excerpt":{"rendered":"<p>Der Psychologe Dietrich D\u00f6rner hat sich bereits seit vielen Jahren mit den Problemen der Menschen im Umgang mit komplexen Systemen befasst. Grundlage seiner Untersuchungen waren computersimulierte Planspiele wie das Lohhausen-Experiment. Er hat die dabei beobachteten Schwierigkeiten in die Handlungsfelder Zielsetzung, &hellip; <a href=\"https:\/\/lordkhan.homelinux.org\/virtuellespielewelten\/?page_id=23\">Continue reading <span class=\"meta-nav\">&rarr;<\/span><\/a><\/p>\n","protected":false},"author":1,"featured_media":0,"parent":15,"menu_order":0,"comment_status":"closed","ping_status":"closed","template":"","meta":{"footnotes":""},"class_list":["post-23","page","type-page","status-publish","hentry"],"_links":{"self":[{"href":"https:\/\/lordkhan.homelinux.org\/virtuellespielewelten\/index.php?rest_route=\/wp\/v2\/pages\/23","targetHints":{"allow":["GET"]}}],"collection":[{"href":"https:\/\/lordkhan.homelinux.org\/virtuellespielewelten\/index.php?rest_route=\/wp\/v2\/pages"}],"about":[{"href":"https:\/\/lordkhan.homelinux.org\/virtuellespielewelten\/index.php?rest_route=\/wp\/v2\/types\/page"}],"author":[{"embeddable":true,"href":"https:\/\/lordkhan.homelinux.org\/virtuellespielewelten\/index.php?rest_route=\/wp\/v2\/users\/1"}],"replies":[{"embeddable":true,"href":"https:\/\/lordkhan.homelinux.org\/virtuellespielewelten\/index.php?rest_route=%2Fwp%2Fv2%2Fcomments&post=23"}],"version-history":[{"count":13,"href":"https:\/\/lordkhan.homelinux.org\/virtuellespielewelten\/index.php?rest_route=\/wp\/v2\/pages\/23\/revisions"}],"predecessor-version":[{"id":359,"href":"https:\/\/lordkhan.homelinux.org\/virtuellespielewelten\/index.php?rest_route=\/wp\/v2\/pages\/23\/revisions\/359"}],"up":[{"embeddable":true,"href":"https:\/\/lordkhan.homelinux.org\/virtuellespielewelten\/index.php?rest_route=\/wp\/v2\/pages\/15"}],"wp:attachment":[{"href":"https:\/\/lordkhan.homelinux.org\/virtuellespielewelten\/index.php?rest_route=%2Fwp%2Fv2%2Fmedia&parent=23"}],"curies":[{"name":"wp","href":"https:\/\/api.w.org\/{rel}","templated":true}]}}